 a factor of 2331952?
True
Is 309273 a multiple of 18?
False
Is 17148 even?
True
Is 7 a factor of 544474?
True
Is 17 a factor of 437437?
False
Does 164 divide 18900?
False
Does 13 divide 2382979?
False
Is 206 a factor of 6592?
True
Does 110 divide 2009649?
False
Does 121 divide 2606582?
True
Does 46 divide 149178?
True
Is 52930 a multiple of 139?
False
Is 27 a factor of 441720?
True
Is 186728 a multiple of 33?
False
Does 48 divide 2892144?
True
Does 19 divide 674052?
False
Does 3 divide 4520879?
False
Is 3 a factor of 3358974?
True
Is 67 a factor of 107560?
False
Is 220800 a multiple of 138?
True
Is 29731 a multiple of 25?
False
Is 46 a factor of 2898874?
True
Is 32 a factor of 68527?
False
Is 3966599 a multiple of 11?
False
Does 356 divide 894588?
False
Does 11 divide 34122?
True
Is 2922336 a multiple of 584?
True
Is 887456 a multiple of 22?
False
Is 29 a factor of 10486946?
False
Is 755741 a multiple of 107?
True
Does 507 divide 80613?
True
Is 2 a factor of 4774?
True
Does 906 divide 7102187?
False
Is 976 a factor of 861357?
False
Is 8 a factor of 452885?
False
Does 8 divide 709238?
False
Does 4 divide 118051?
False
Is 145 a factor of 278835?
True
Does 1927 divide 5721263?
True
Does 22 divide 1014032?
False
Does 189 divide 7353234?
True
Does 133 divide 8870169?
True
Does 852 divide 5406396?
False
Is 17461519 a multiple of 137?
False
Does 134 divide 1062479?
False
Is 8950 a multiple of 95?
False
Is 17428820 a multiple of 620?
True
Is 8299 a multiple of 4?
False
Does 87 divide 787789?
False
Does 90 divide 7916310?
True
Is 318271 a multiple of 427?
False
Does 236 divide 8335275?
False
Does 171 divide 2044647?
True
Is 463693 a multiple of 50?
False
Is 1104956 a multiple of 77?
False
Is 2290548 a multiple of 26?
True
Does 12 divide 51029?
False
Is 54 a factor of 144195?
False
Is 127426 a multiple of 29?
True
Does 72 divide 7749799?
False
Does 96 divide 1778016?
True
Is 5670256 a multiple of 64?
False
Is 1335 a factor of 10657381?
False
Does 1333 divide 18960592?
True
Does 15 divide 10455?
True
Is 5429840 a multiple of 92?
True
Is 33 a factor of 68475?
True
Does 66 divide 92466?
True
Is 307930 a multiple of 83?
True
Is 102 a factor of 205113?
False
Does 10 divide 5098700?
True
Is 822881 a multiple of 33?
False
Does 47 divide 95128?
True
Is 34 a factor of 463360?
False
Does 508 divide 453136?
True
Is 1451836 a multiple of 332?
True
Is 328 a factor of 963992?
True
Does 57 divide 10423020?
True
Is 14 a factor of 32398?
False
Does 21 divide 205821?
True
Is 336816 a multiple of 45?
False
Is 4118675 a multiple of 11?
True
Does 3 divide 678417?
True
Is 1177879 a multiple of 17?
True
Is 39 a factor of 129168?
True
Is 523564 a multiple of 83?
True
Does 30 divide 2159820?
True
Is 6 a factor of 464892?
True
Does 35 divide 269080?
True
Is 393 a factor of 592251?
True
Is 233262 a multiple of 18?
True
Is 2 a factor of 476012?
True
Does 20 divide 4933?
False
Does 2133 divide 4715256?
False
Does 5 divide 559838?
False
Is 375 a factor of 146250?
True
Does 91 divide 2837622?
False
Does 37 divide 128834?
True
Is 18 a factor of 23123628?
True
Is 151409 a multiple of 36?
False
Is 154 a factor of 15272950?
True
Does 8 divide 15281?
False
Is 534480 a multiple of 60?
True
Does 17 divide 28728878?
True
Is 24 a factor of 100768?
False
Is 640192 a multiple of 375?
False
Does 106 divide 54741?
False
Is 175 a factor of 173056?
False
Is 201 a factor of 1241678?
False
Is 29 a factor of 179857?
False
Is 4764828 a multiple of 68?
True
Is 26104 a multiple of 13?
True
Does 825 divide 16097080?
False
Is 114899 a multiple of 202?
False
Is 222 a factor of 106852?
False
Does 3 divide 2500301?
False
Is 17 a factor of 3572363?
True
Does 79 divide 212431?
True
Is 3984 a multiple of 48?
True
Is 83290 a multiple of 58?
False
Does 21 divide 12117?
True
Is 69979 a multiple of 107?
False
Is 1300092 a multiple of 204?
True
Does 4 divide 235567?
False
Is 9675 a multiple of 43?
True
Is 7 a factor of 67509?
False
Does 11 divide 210584?
True
Does 371 divide 806138?
False
Is 18495 a multiple of 60?
False
Is 1114500 a multiple of 12?
True
Is 22 a factor of 133447?
False
Does 88 divide 19983?
False
Is 682092 a multiple of 6?
True
Does 55 divide 298487?
False
Is 3379995 a multiple of 34?
False
Does 2244 divide 6806355?
False
Is 10731828 a multiple of 2108?
True
Is 13 a factor of 181928?
False
Is 238 a factor of 39864?
False
Is 20670 a multiple of 39?
True
Is 16 a factor of 2164594?
False
Does 90 divide 18160294?
False
Does 113 divide 87575?
True
Is 6693561 a multiple of 212?
False
Does 6 divide 9632813?
False
Is 197 a factor of 9103140?
False
Is 305 a factor of 304390?
True
Does 4 divide 534125?
False
Is 59 a factor of 603806?
True
Is 275 a factor of 3684287?
False
Is 3241476 a multiple of 12?
True
Is 132 a multiple of 12?
True
Is 177 a factor of 3936328?
False
Is 65 a factor of 44613?
False
Is 10 a factor of 1519261?
False
Is 19299 a multiple of 9?
False
Is 4914 a multiple of 26?
True
Does 22 divide 2785640?
True
Is 1623840 a multiple of 51?
True
Is 36800 a multiple of 164?
False
Does 46 divide 1023776?
True
Is 119920 a multiple of 459?
False
Does 5 divide 234229?
False
Does 69 divide 111987?
True
Is 5079118 a multiple of 551?
True
Does 16 divide 140711?
False
Is 16 a factor of 6116288?
True
Is 15 a factor of 225567?
False
Is 32 a factor of 150048?
True
Is 119616 a multiple of 28?
True
Is 84118 a multiple of 6?
False
Is 57 a factor of 3030521?
False
Is 1651365 a multiple of 8?
False
Is 29 a factor of 561562?
False
Is 3 a factor of 32369?
False
Is 39 a factor of 43446?
True
Does 20 divide 2635223?
False
Is 245301 a multiple of 185?
False
Is 456798 a multiple of 134?
False
Is 1942716 a multiple of 388?
True
Is 602488 a multiple of 199?
False
Does 37 divide 306767?
True
Is 6840412 a multiple of 20?
False
Does 4 divide 633901?
False
Is 478 a factor of 562867?
False
Is 8 a factor of 436955?
False
Does 80 divide 796960?
True
Is 5 a factor of 1813?
False
Is 1880294 a multiple of 26?
True
Does 722 divide 2398484?
True
Is 77848 a multiple of 400?
False
Is 960 a factor of 2560163?
False
Is 3 a factor of 449001?
True
Is 296625 a multiple of 375?
True
Is 27 a factor of 73720?
False
Is 158878 a multiple of 74?
True
Is 390764 a multiple of 377?
False
Does 149 divide 11806909?
True
Is 31 a factor of 871334?
False
Is 899488 a multiple of 1141?
False
Does 392 divide 198744?
True
Is 842197 a multiple of 450?
False
Is 452210 a multiple of 22?
True
Is 18126 a multiple of 8?
False
Is 6470768 a multiple of 178?
False
Does 15 divide 497828?
False
Does 15 divide 4164813?
False
Is 81 a factor of 48681?
True
Is 199652 a multiple of 142?
True
Does 6 divide 4474?
False
Does 259 divide 5464552?
False
Is 10 a factor of 5702000?
True
Is 212415 a multiple of 15?
True
Does 32 divide 297888?
True
Is 42 a factor of 67962?
False
Is 1819397 a multiple of 598?
False
Is 68 a factor of 7221328?
True
Is 404799 a multiple of 59?
True
Is 1768800 a multiple of 400?
True
Is 4 a factor of 1156191?
False
Is 1146202 a multiple of 475?
False
Is 7 a factor of 35318?
False
Does 109 divide 192048?
False
Is 284411 a multiple of 19?
True
Does 23 divide 1335012?
True
Is 209 a factor of 36157?
True
Is 2514480 a multiple of 10?
True
Is 280868 a multiple of 49?
True
Is 294130 a multiple of 67?
True
Does 20 divide 123723?
False
Is 10554731 a multiple of 5?
False
Does 633 divide 1563863?
False
Is 16 a factor of 952608?
True
Does 285 divide 842147?
False
Does 11 divide 35926?
True
Is 665 a factor of 10151890?
True
Is 3993985 a multiple of 48?
False
Is 1160 a factor of 1303796?
False
Does 79 divide 389130?
False
Is 158544 a multiple of 13?
False
Is 17 a factor of 381548?
True
Is 43 a factor of 160430?
False
Does 9 divide 6456?
False
Does 2 divide 1458702?
True
Does 2 divide 15569?
False
Is 4 a factor of 120446?
False
Does 154 divide 5145602?
True
Is 53 a factor of 192333?
False
Does 30 divide 4630308?
False
Is 269 a factor of 671962?
True
Is 17 a factor of 1120946?
True
Is 82693 a multiple of 17?
False
Is 529 a factor of 281955?
False
Is 2211242 a multiple of 11?
True
Is 5700 a multiple of 95?
True
Is 5 a factor of 422193?
False
Is 3199870 a multiple of 433?
True
Is 20 a factor of 1815880?
True
Is 49084 a multiple of 219?
False
Does 7 divide 161291?
False
D